{"id":843,"date":"2019-03-09T11:22:33","date_gmt":"2019-03-09T11:22:33","guid":{"rendered":"http:\/\/icc.diocesedeangra.pt\/?page_id=843"},"modified":"2019-03-09T11:29:21","modified_gmt":"2019-03-09T11:29:21","slug":"efc-nordeste","status":"publish","type":"page","link":"http:\/\/icc.diocesedeangra.pt\/index.php\/efc-nordeste\/","title":{"rendered":"EFC-NORDESTE"},"content":{"rendered":"<p>[et_pb_section bb_built=&#8221;1&#8243; fullwidth=&#8221;off&#8221; specialty=&#8221;off&#8221;][et_pb_row][et_pb_column type=&#8221;3_4&#8243;][et_pb_text admin_label=&#8221;Escola de Forma\u00e7\u00e3o Crist\u00e3&#8221; _builder_version=&#8221;3.19.13&#8243;]<\/p>\n<h1 style=\"text-align: center;\">Escola de Forma\u00e7\u00e3o Crist\u00e3 da<\/h1>\n<p>[\/et_pb_text][et_pb_text admin_label=&#8221;Ouvidoria de Nordeste&#8221; _builder_version=&#8221;3.20.1&#8243;]<\/p>\n<h3 style=\"text-align: center;\">Ouvidoria de Nordeste<\/h3>\n<p>[\/et_pb_text][et_pb_code _builder_version=&#8221;3.20.1&#8243;]<!-- START All-in-One Event Calendar Plugin - Version 3.0.0 --> <div id=\"ai1ec-container\" class=\"ai1ec-main-container \"> <!-- AI1EC_PAGE_CONTENT_PLACEHOLDER --> <div id=\"ai1ec-calendar\" class=\"timely ai1ec-calendar\"> <div class=\"timely ai1ec-calendar-toolbar ai1ec-clearfix \"> <ul class=\"ai1ec-nav ai1ec-nav-pills ai1ec-pull-left ai1ec-filters\"> <li class=\"ai1ec-dropdown ai1ec-category-filter ai1ec-cat-filter ai1ec-active\" data-slug=\"cat\"> <a class=\"ai1ec-dropdown-toggle\" data-toggle=\"ai1ec-dropdown\"> <i class=\"ai1ec-fa ai1ec-fa-folder-open\"><\/i> <span class=\"ai1ec-clear-filter ai1ec-tooltip-trigger\" data-href=\"http:\/\/icc.diocesedeangra.pt\/index.php\/calendario\/action~agenda\/request_format~json\/\" data-type=\"jsonp\" title=\"Limpar filtro de categoria\"> <i class=\"ai1ec-fa ai1ec-fa-times-circle\"><\/i> <\/span> Categorias <span class=\"ai1ec-caret\"><\/span> <\/a> <div class=\"ai1ec-dropdown-menu\"> <div data-term=\"34\" > <a class=\"ai1ec-load-view ai1ec-category ai1ec-cat\" data-type=\"jsonp\" href=\"http:\/\/icc.diocesedeangra.pt\/index.php\/calendario\/action~agenda\/cat_ids~29,34\/request_format~json\/\"> <span class=\"ai1ec-color-swatch-empty\"><\/span> Angra do Hero\u00edsmo <\/a> <\/div> <div data-term=\"26\" > <a class=\"ai1ec-load-view ai1ec-category ai1ec-cat\" data-type=\"jsonp\" href=\"http:\/\/icc.diocesedeangra.pt\/index.php\/calendario\/action~agenda\/cat_ids~29,26\/request_format~json\/\"> <span class=\"ai1ec-color-swatch-empty\"><\/span> Capelas <\/a> <\/div> <div data-term=\"40\" > <a class=\"ai1ec-load-view ai1ec-category ai1ec-cat\" data-type=\"jsonp\" href=\"http:\/\/icc.diocesedeangra.pt\/index.php\/calendario\/action~agenda\/cat_ids~29,40\/request_format~json\/\"> <span class=\"ai1ec-color-swatch-empty\"><\/span> Corvo <\/a> <\/div> <div data-term=\"23\" > <a class=\"ai1ec-load-view ai1ec-category ai1ec-cat\" data-type=\"jsonp\" href=\"http:\/\/icc.diocesedeangra.pt\/index.php\/calendario\/action~agenda\/cat_ids~29,23\/request_format~json\/\"> <span class=\"ai1ec-color-swatch-empty\"><\/span> EFCO <\/a> <\/div> <div data-term=\"38\" > <a class=\"ai1ec-load-view ai1ec-category ai1ec-cat\" data-type=\"jsonp\" href=\"http:\/\/icc.diocesedeangra.pt\/index.php\/calendario\/action~agenda\/cat_ids~29,38\/request_format~json\/\"> <span class=\"ai1ec-color-swatch-empty\"><\/span> Faial <\/a> <\/div> <div data-term=\"28\" > <a class=\"ai1ec-load-view ai1ec-category ai1ec-cat\" data-type=\"jsonp\" href=\"http:\/\/icc.diocesedeangra.pt\/index.php\/calendario\/action~agenda\/cat_ids~29,28\/request_format~json\/\"> <span class=\"ai1ec-color-swatch-empty\"><\/span> Fenais de Vera Cruz <\/a> <\/div> <div data-term=\"39\" > <a class=\"ai1ec-load-view ai1ec-category ai1ec-cat\" data-type=\"jsonp\" href=\"http:\/\/icc.diocesedeangra.pt\/index.php\/calendario\/action~agenda\/cat_ids~29,39\/request_format~json\/\"> <span class=\"ai1ec-color-swatch-empty\"><\/span> Flores <\/a> <\/div> <div data-term=\"35\" > <a class=\"ai1ec-load-view ai1ec-category ai1ec-cat\" data-type=\"jsonp\" href=\"http:\/\/icc.diocesedeangra.pt\/index.php\/calendario\/action~agenda\/cat_ids~29,35\/request_format~json\/\"> <span class=\"ai1ec-color-swatch-empty\"><\/span> Graciosa <\/a> <\/div> <div data-term=\"32\" > <a class=\"ai1ec-load-view ai1ec-category ai1ec-cat\" data-type=\"jsonp\" href=\"http:\/\/icc.diocesedeangra.pt\/index.php\/calendario\/action~agenda\/cat_ids~29,32\/request_format~json\/\"> <span class=\"ai1ec-color-swatch-empty\"><\/span> Lagoa <\/a> <\/div> <div data-term=\"29\" class=\"ai1ec-active\" > <a class=\"ai1ec-load-view ai1ec-category ai1ec-cat\" data-type=\"jsonp\" href=\"http:\/\/icc.diocesedeangra.pt\/index.php\/calendario\/action~agenda\/request_format~json\/\"> <span class=\"ai1ec-color-swatch-empty\"><\/span> Nordeste <\/a> <\/div> <div data-term=\"37\" > <a class=\"ai1ec-load-view ai1ec-category ai1ec-cat\" data-type=\"jsonp\" href=\"http:\/\/icc.diocesedeangra.pt\/index.php\/calendario\/action~agenda\/cat_ids~29,37\/request_format~json\/\"> <span class=\"ai1ec-color-swatch-empty\"><\/span> Pico <\/a> <\/div> <div data-term=\"25\" > <a class=\"ai1ec-load-view ai1ec-category ai1ec-cat\" data-type=\"jsonp\" href=\"http:\/\/icc.diocesedeangra.pt\/index.php\/calendario\/action~agenda\/cat_ids~29,25\/request_format~json\/\"> <span class=\"ai1ec-color-swatch-empty\"><\/span> Ponta Delgada <\/a> <\/div> <div data-term=\"30\" > <a class=\"ai1ec-load-view ai1ec-category ai1ec-cat\" data-type=\"jsonp\" href=\"http:\/\/icc.diocesedeangra.pt\/index.php\/calendario\/action~agenda\/cat_ids~29,30\/request_format~json\/\"> <span class=\"ai1ec-color-swatch-empty\"><\/span> Povoa\u00e7\u00e3o <\/a> <\/div> <div data-term=\"33\" > <a class=\"ai1ec-load-view ai1ec-category ai1ec-cat\" data-type=\"jsonp\" href=\"http:\/\/icc.diocesedeangra.pt\/index.php\/calendario\/action~agenda\/cat_ids~29,33\/request_format~json\/\"> <span class=\"ai1ec-color-swatch-empty\"><\/span> Praia da Vit\u00f3ria <\/a> <\/div> <div data-term=\"27\" > <a class=\"ai1ec-load-view ai1ec-category ai1ec-cat\" data-type=\"jsonp\" href=\"http:\/\/icc.diocesedeangra.pt\/index.php\/calendario\/action~agenda\/cat_ids~29,27\/request_format~json\/\"> <span class=\"ai1ec-color-swatch-empty\"><\/span> Ribeira Grande <\/a> <\/div> <div data-term=\"24\" > <a class=\"ai1ec-load-view ai1ec-category ai1ec-cat\" data-type=\"jsonp\" href=\"http:\/\/icc.diocesedeangra.pt\/index.php\/calendario\/action~agenda\/cat_ids~29,24\/request_format~json\/\"> <span class=\"ai1ec-color-swatch-empty\"><\/span> Santa Maria <\/a> <\/div> <div data-term=\"36\" > <a class=\"ai1ec-load-view ai1ec-category ai1ec-cat\" data-type=\"jsonp\" href=\"http:\/\/icc.diocesedeangra.pt\/index.php\/calendario\/action~agenda\/cat_ids~29,36\/request_format~json\/\"> <span class=\"ai1ec-color-swatch-empty\"><\/span> S\u00e3o Jorge <\/a> <\/div> <div data-term=\"31\" > <a class=\"ai1ec-load-view ai1ec-category ai1ec-cat\" data-type=\"jsonp\" href=\"http:\/\/icc.diocesedeangra.pt\/index.php\/calendario\/action~agenda\/cat_ids~29,31\/request_format~json\/\"> <span class=\"ai1ec-color-swatch-empty\"><\/span> Vila Franca do Campo <\/a> <\/div> <\/div> <\/li> <\/ul> <div class=\"ai1ec-pull-right\"> <\/div> <\/div> <div id=\"ai1ec-calendar-view-container\" class=\"ai1ec-calendar-view-container\"> <div id=\"ai1ec-calendar-view-loading\" class=\"ai1ec-loading ai1ec-calendar-view-loading\"><\/div> <div id=\"ai1ec-calendar-view\" class=\"ai1ec-calendar-view\"> <div class=\"ai1ec-clearfix\"> <div class=\"ai1ec-views-dropdown ai1ec-btn-group ai1ec-pull-right\"> <a class=\"ai1ec-btn ai1ec-btn-sm ai1ec-btn-default ai1ec-dropdown-toggle\" data-toggle=\"ai1ec-dropdown\"> <i class=\"ai1ec-icon-agenda ai1ec-view-icon\"><\/i> <span class=\"ai1ec-hidden-xs ai1ec-hidden-sm\"> Agenda <\/span> <span class=\"ai1ec-caret\"><\/span> <\/a> <div class=\"ai1ec-dropdown-menu\"> <div class=\"ai1ec-active\" data-action=\"agenda\"> <a id=\"ai1ec-view-agenda\" data-type=\"jsonp\" class=\"ai1ec-load-view agenda\" href=\"http:\/\/icc.diocesedeangra.pt\/index.php\/calendario\/action~agenda\/cat_ids~29\/request_format~json\/\"> <i class=\"ai1ec-icon-agenda ai1ec-view-icon\"><\/i> <span class=\"ai1ec-hidden-xs ai1ec-hidden-sm\"> Agenda <\/span> <\/a> <\/div> <div class=\"\" data-action=\"oneday\"> <a id=\"ai1ec-view-oneday\" data-type=\"jsonp\" class=\"ai1ec-load-view oneday\" href=\"http:\/\/icc.diocesedeangra.pt\/index.php\/calendario\/action~oneday\/cat_ids~29\/request_format~json\/\"> <i class=\"ai1ec-icon-oneday ai1ec-view-icon\"><\/i> <span class=\"ai1ec-hidden-xs ai1ec-hidden-sm\"> Dia <\/span> <\/a> <\/div> <div class=\"\" data-action=\"month\"> <a id=\"ai1ec-view-month\" data-type=\"jsonp\" class=\"ai1ec-load-view month\" href=\"http:\/\/icc.diocesedeangra.pt\/index.php\/calendario\/action~month\/cat_ids~29\/request_format~json\/\"> <i class=\"ai1ec-icon-month ai1ec-view-icon\"><\/i> <span class=\"ai1ec-hidden-xs ai1ec-hidden-sm\"> M\u00eas <\/span> <\/a> <\/div> <div class=\"\" data-action=\"week\"> <a id=\"ai1ec-view-week\" data-type=\"jsonp\" class=\"ai1ec-load-view week\" href=\"http:\/\/icc.diocesedeangra.pt\/index.php\/calendario\/action~week\/cat_ids~29\/request_format~json\/\"> <i class=\"ai1ec-icon-week ai1ec-view-icon\"><\/i> <span class=\"ai1ec-hidden-xs ai1ec-hidden-sm\"> Semana <\/span> <\/a> <\/div> <\/div> <\/div> <div class=\"ai1ec-title-buttons ai1ec-btn-toolbar\"> <div class=\"ai1ec-pagination ai1ec-btn-group\"> <a class=\"ai1ec-prev-page ai1ec-load-view ai1ec-btn ai1ec-btn-sm ai1ec-btn-default \" data-type=\"jsonp\" href=\"http&#x3A;&#x2F;&#x2F;icc.diocesedeangra.pt&#x2F;index.php&#x2F;calendario&#x2F;action&#x7E;agenda&#x2F;page_offset&#x7E;-1&#x2F;cat_ids&#x7E;29&#x2F;request_format&#x7E;json&#x2F;\"> <i class=\"ai1ec-fa ai1ec-fa-chevron-left\"><\/i> <\/a> <a class=\"ai1ec-minical-trigger ai1ec-btn ai1ec-btn-sm ai1ec-btn-default ai1ec-tooltip-trigger\" data-date=\"4\/5\/2026\" data-date-format=\"d\/m\/yyyy\" data-date-weekstart=\"1\" href=\"#\" data-href=\"http:\/\/icc.diocesedeangra.pt\/index.php\/calendario\/action~agenda\/exact_date~__DATE__\/cat_ids~29\/\" data-lang=\"pt-PT\" data-type=\"jsonp\" title=\"Escolha uma data usando o calend\u00e1rio\" > <i class=\"ai1ec-fa ai1ec-fa-calendar-o ai1ec-fa-fw ai1ec-fa-lg\"><\/i> <span class=\"ai1ec-calendar-title\">Maio 2026<\/span> <span class=\"ai1ec-calendar-title-short\">Mai 2026<\/span> <\/a> <a class=\"ai1ec-next-page ai1ec-load-view ai1ec-btn ai1ec-btn-sm ai1ec-btn-default ai1ec-disabled\" data-type=\"jsonp\" href=\"http&#x3A;&#x2F;&#x2F;icc.diocesedeangra.pt&#x2F;index.php&#x2F;calendario&#x2F;action&#x7E;agenda&#x2F;page_offset&#x7E;1&#x2F;cat_ids&#x7E;29&#x2F;request_format&#x7E;json&#x2F;\"> <i class=\"ai1ec-fa ai1ec-fa-chevron-right\"><\/i> <\/a> <\/div> <\/div> <\/div> <div class=\"ai1ec-agenda-view\"> <p class=\"ai1ec-no-results\"> N\u00e3o existem eventos futuros para apresentar neste momento. <\/p> <\/div> <div class=\"ai1ec-pull-left\"><div class=\"ai1ec-pagination ai1ec-btn-group\"> <a class=\"ai1ec-prev-page ai1ec-load-view ai1ec-btn ai1ec-btn-sm ai1ec-btn-default \" data-type=\"jsonp\" href=\"http&#x3A;&#x2F;&#x2F;icc.diocesedeangra.pt&#x2F;index.php&#x2F;calendario&#x2F;action&#x7E;agenda&#x2F;page_offset&#x7E;-1&#x2F;cat_ids&#x7E;29&#x2F;request_format&#x7E;json&#x2F;\"> <i class=\"ai1ec-fa ai1ec-fa-chevron-left\"><\/i> <\/a> <a class=\"ai1ec-minical-trigger ai1ec-btn ai1ec-btn-sm ai1ec-btn-default ai1ec-tooltip-trigger\" data-date=\"4\/5\/2026\" data-date-format=\"d\/m\/yyyy\" data-date-weekstart=\"1\" href=\"#\" data-href=\"http:\/\/icc.diocesedeangra.pt\/index.php\/calendario\/action~agenda\/exact_date~__DATE__\/cat_ids~29\/\" data-lang=\"pt-PT\" data-type=\"jsonp\" title=\"Escolha uma data usando o calend\u00e1rio\" > <i class=\"ai1ec-fa ai1ec-fa-calendar-o ai1ec-fa-fw ai1ec-fa-lg\"><\/i> <span class=\"ai1ec-calendar-title\">Maio 2026<\/span> <span class=\"ai1ec-calendar-title-short\">Mai 2026<\/span> <\/a> <a class=\"ai1ec-next-page ai1ec-load-view ai1ec-btn ai1ec-btn-sm ai1ec-btn-default ai1ec-disabled\" data-type=\"jsonp\" href=\"http&#x3A;&#x2F;&#x2F;icc.diocesedeangra.pt&#x2F;index.php&#x2F;calendario&#x2F;action&#x7E;agenda&#x2F;page_offset&#x7E;1&#x2F;cat_ids&#x7E;29&#x2F;request_format&#x7E;json&#x2F;\"> <i class=\"ai1ec-fa ai1ec-fa-chevron-right\"><\/i> <\/a> <\/div> <\/div> <\/div> <\/div> <div class=\"ai1ec-subscribe-container ai1ec-pull-right ai1ec-btn-group\"> <div class=\"ai1ec-subscribe-dropdown ai1ec-dropdown ai1ec-dropup ai1ec-btn ai1ec-btn-default ai1ec-btn-sm\"> <span role=\"button\" class=\"ai1ec-dropdown-toggle ai1ec-subscribe\" data-toggle=\"ai1ec-dropdown\"> <i class=\"ai1ec-fa ai1ec-icon-rss ai1ec-fa-lg ai1ec-fa-fw\"><\/i> <span class=\"ai1ec-hidden-xs\"> Inscrever em calend\u00e1rio filtrado <span class=\"ai1ec-caret\"><\/span> <\/span> <\/span> <ul class=\"ai1ec-dropdown-menu ai1ec-pull-right\" role=\"menu\"> <li> <a class=\"ai1ec-tooltip-trigger ai1ec-tooltip-auto\" target=\"_blank\" data-placement=\"left\" title=\"Copie este URL para o seu pr\u00f3prio calend\u00e1rio Timely ou clique para adicionar o seu calend\u00e1rio rich-text\" href=\"http&#x3A;&#x2F;&#x2F;icc.diocesedeangra.pt&#x2F;&#x3F;plugin&#x3D;all-in-one-event-calendar&amp;controller&#x3D;ai1ec_exporter_controller&amp;action&#x3D;export_events&amp;ai1ec_cat_ids&#x3D;29\"> <i class=\"ai1ec-fa ai1ec-fa-lg ai1ec-fa-fw ai1ec-icon-timely\"><\/i> Adicionar ao Calend\u00e1rio Timely <\/a> <\/li> <li> <a class=\"ai1ec-tooltip-trigger ai1ec-tooltip-auto\" target=\"_blank\" data-placement=\"left\" title=\"Subscrever este calend\u00e1rio no seu Calend\u00e1rio Google\" href=\"https:\/\/www.google.com\/calendar\/render?cid=http&#x25;3A&#x25;2F&#x25;2Ficc.diocesedeangra.pt&#x25;2F&#x25;3Fplugin&#x25;3Dall-in-one-event-calendar&#x25;26controller&#x25;3Dai1ec_exporter_controller&#x25;26action&#x25;3Dexport_events&#x25;26no_html&#x25;3Dtrue&#x25;26ai1ec_cat_ids&#x25;3D29&#x25;26&#x25;26\"> <i class=\"ai1ec-fa ai1ec-icon-google ai1ec-fa-lg ai1ec-fa-fw\"><\/i> Adicionar ao Google <\/a> <\/li> <li> <a class=\"ai1ec-tooltip-trigger ai1ec-tooltip-auto\" target=\"_blank\" data-placement=\"left\" title=\"Subscrever este calend\u00e1rio no MS Outlook\" href=\"webcal&#x3A;&#x2F;&#x2F;icc.diocesedeangra.pt&#x2F;&#x3F;plugin&#x3D;all-in-one-event-calendar&amp;controller&#x3D;ai1ec_exporter_controller&amp;action&#x3D;export_events&amp;no_html&#x3D;true&amp;ai1ec_cat_ids&#x3D;29\"> <i class=\"ai1ec-fa ai1ec-icon-windows ai1ec-fa-lg ai1ec-fa-fw\"><\/i> Adicionar ao Outlook <\/a> <\/li> <li> <a class=\"ai1ec-tooltip-trigger ai1ec-tooltip-auto\" target=\"_blank\" data-placement=\"left\" title=\"Subscrever este calend\u00e1rio no Calend\u00e1rio Apple\/iCal\" href=\"webcal&#x3A;&#x2F;&#x2F;icc.diocesedeangra.pt&#x2F;&#x3F;plugin&#x3D;all-in-one-event-calendar&amp;controller&#x3D;ai1ec_exporter_controller&amp;action&#x3D;export_events&amp;no_html&#x3D;true&amp;ai1ec_cat_ids&#x3D;29\"> <i class=\"ai1ec-fa ai1ec-icon-apple ai1ec-fa-lg ai1ec-fa-fw\"><\/i> Adicionar ao Calend\u00e1rio da Apple <\/a> <\/li> <li> <a class=\"ai1ec-tooltip-trigger ai1ec-tooltip-auto\" data-placement=\"left\" title=\"Subscrever este calend\u00e1rio num outro calend\u00e1rio plain-text\" href=\"http&#x3A;&#x2F;&#x2F;icc.diocesedeangra.pt&#x2F;&#x3F;plugin&#x3D;all-in-one-event-calendar&amp;controller&#x3D;ai1ec_exporter_controller&amp;action&#x3D;export_events&amp;no_html&#x3D;true&amp;ai1ec_cat_ids&#x3D;29\"> <i class=\"ai1ec-fa ai1ec-icon-calendar ai1ec-fa-fw\"><\/i> Adicionar a outro calend\u00e1rio <\/a> <\/li> <li> <a class=\"ai1ec-tooltip-trigger ai1ec-tooltip-auto\" data-placement=\"left\" title=\"\" href=\"http&#x3A;&#x2F;&#x2F;icc.diocesedeangra.pt&#x2F;&#x3F;plugin&#x3D;all-in-one-event-calendar&amp;controller&#x3D;ai1ec_exporter_controller&amp;action&#x3D;export_events&amp;ai1ec_cat_ids&#x3D;29&xml=true\"> <i class=\"ai1ec-fa ai1ec-fa-file-text ai1ec-fa-lg ai1ec-fa-fw\"><\/i> Export to XML <\/a> <\/li> <\/ul> <\/div> <\/div> <\/div><!-- \/.timely --> <\/div> <!-- END All-in-One Event Calendar Plugin --> [\/et_pb_code][\/et_pb_column][et_pb_column type=&#8221;1_4&#8243;][et_pb_testimonial admin_label=&#8221;Ouvidor&#8221; _builder_version=&#8221;3.20.1&#8243; author=&#8221;Pe Agostinho Lima&#8221; quote_icon=&#8221;off&#8221; use_background_color=&#8221;off&#8221; quote_icon_background_color=&#8221;#f5f5f5&#8243; text_orientation=&#8221;center&#8221; job_title=&#8221;Ouvidor&#8221; portrait_url=&#8221;http:\/\/icc.diocesedeangra.pt\/wp-content\/uploads\/2019\/03\/pe_agostinho_lima_perfil_paramento_wite_0_dr_ia_600-400.jpg&#8221; \/][\/et_pb_column][\/et_pb_row][\/et_pb_section]<\/p>\n","protected":false},"excerpt":{"rendered":"<p>[et_pb_section bb_built=&#8221;1&#8243; fullwidth=&#8221;off&#8221; specialty=&#8221;off&#8221;][et_pb_row][et_pb_column type=&#8221;3_4&#8243;][et_pb_text admin_label=&#8221;Escola de Forma\u00e7\u00e3o Crist\u00e3&#8221; _builder_version=&#8221;3.19.13&#8243;] Escola de Forma\u00e7\u00e3o Crist\u00e3 da [\/et_pb_text][et_pb_text admin_label=&#8221;Ouvidoria de Nordeste&#8221; _builder_version=&#8221;3.20.1&#8243;] [&hellip;]<\/p>\n","protected":false},"author":1,"featured_media":0,"parent":0,"menu_order":0,"comment_status":"closed","ping_status":"closed","template":"","meta":{"site-sidebar-layout":"default","site-content-layout":"","ast-site-content-layout":"default","site-content-style":"default","site-sidebar-style":"default","ast-global-header-display":"","ast-banner-title-visibility":"","ast-main-header-display":"","ast-hfb-above-header-display":"","ast-hfb-below-header-display":"","ast-hfb-mobile-header-display":"","site-post-title":"","ast-breadcrumbs-content":"","ast-featured-img":"","footer-sml-layout":"","ast-disable-related-posts":"","theme-transparent-header-meta":"","adv-header-id-meta":"","stick-header-meta":"","header-above-stick-meta":"","header-main-stick-meta":"","header-below-stick-meta":"","astra-migrate-meta-layouts":"default","ast-page-background-enabled":"default","ast-page-background-meta":{"desktop":{"background-color":"var(--ast-global-color-5)","background-image":"","background-repeat":"repeat","background-position":"center center","background-size":"auto","background-attachment":"scroll","background-type":"","background-media":"","overlay-type":"","overlay-color":"","overlay-opacity":"","overlay-gradient":""},"tablet":{"background-color":"","background-image":"","background-repeat":"repeat","background-position":"center center","background-size":"auto","background-attachment":"scroll","background-type":"","background-media":"","overlay-type":"","overlay-color":"","overlay-opacity":"","overlay-gradient":""},"mobile":{"background-color":"","background-image":"","background-repeat":"repeat","background-position":"center center","background-size":"auto","background-attachment":"scroll","background-type":"","background-media":"","overlay-type":"","overlay-color":"","overlay-opacity":"","overlay-gradient":""}},"ast-content-background-meta":{"desktop":{"background-color":"var(--ast-global-color-4)","background-image":"","background-repeat":"repeat","background-position":"center center","background-size":"auto","background-attachment":"scroll","background-type":"","background-media":"","overlay-type":"","overlay-color":"","overlay-opacity":"","overlay-gradient":""},"tablet":{"background-color":"var(--ast-global-color-4)","background-image":"","background-repeat":"repeat","background-position":"center center","background-size":"auto","background-attachment":"scroll","background-type":"","background-media":"","overlay-type":"","overlay-color":"","overlay-opacity":"","overlay-gradient":""},"mobile":{"background-color":"var(--ast-global-color-4)","background-image":"","background-repeat":"repeat","background-position":"center center","background-size":"auto","background-attachment":"scroll","background-type":"","background-media":"","overlay-type":"","overlay-color":"","overlay-opacity":"","overlay-gradient":""}},"footnotes":""},"class_list":["post-843","page","type-page","status-publish","hentry"],"_links":{"self":[{"href":"http:\/\/icc.diocesedeangra.pt\/index.php\/wp-json\/wp\/v2\/pages\/843","targetHints":{"allow":["GET"]}}],"collection":[{"href":"http:\/\/icc.diocesedeangra.pt\/index.php\/wp-json\/wp\/v2\/pages"}],"about":[{"href":"http:\/\/icc.diocesedeangra.pt\/index.php\/wp-json\/wp\/v2\/types\/page"}],"author":[{"embeddable":true,"href":"http:\/\/icc.diocesedeangra.pt\/index.php\/wp-json\/wp\/v2\/users\/1"}],"replies":[{"embeddable":true,"href":"http:\/\/icc.diocesedeangra.pt\/index.php\/wp-json\/wp\/v2\/comments?post=843"}],"version-history":[{"count":2,"href":"http:\/\/icc.diocesedeangra.pt\/index.php\/wp-json\/wp\/v2\/pages\/843\/revisions"}],"predecessor-version":[{"id":846,"href":"http:\/\/icc.diocesedeangra.pt\/index.php\/wp-json\/wp\/v2\/pages\/843\/revisions\/846"}],"wp:attachment":[{"href":"http:\/\/icc.diocesedeangra.pt\/index.php\/wp-json\/wp\/v2\/media?parent=843"}],"curies":[{"name":"wp","href":"https:\/\/api.w.org\/{rel}","templated":true}]}}