{"id":96,"date":"2018-05-26T12:36:40","date_gmt":"2018-05-26T12:36:40","guid":{"rendered":"http:\/\/icc.diocesedeangra.pt\/?page_id=96"},"modified":"2018-05-26T12:36:40","modified_gmt":"2018-05-26T12:36:40","slug":"icc","status":"publish","type":"page","link":"http:\/\/icc.diocesedeangra.pt\/index.php\/icc\/","title":{"rendered":"ICC"},"content":{"rendered":"<p>O QUE \u00c9?<\/p>\n<p>O Instituto Cat\u00f3lico de Cultura \u00e9 uma institui\u00e7\u00e3o eclesial ao servi\u00e7o da nossa Diocese com uma miss\u00e3o espec\u00edfica na \u00e1rea da cultura e da forma\u00e7\u00e3o, visando uma presen\u00e7a crist\u00e3 transformadora do mundo.<\/p>\n<p><u>OBJETIVOS<\/u><\/p>\n<p>Fomentar a forma\u00e7\u00e3o crist\u00e3 do Laicado;<\/p>\n<p>Possibilitar que a forma\u00e7\u00e3o teol\u00f3gica e pastoral esteja ao alcance de todos;<\/p>\n<p>Contribuir para a leitura cr\u00edtica e interventiva da atualidade \u00e0 luz da doutrina social da Igreja;<\/p>\n<p>Fomentar pela criatividade do di\u00e1logo inter-religioso e ecum\u00e9nico na nossa Regi\u00e3o \u2013 A\u00e7ores<\/p>\n<p><u>FIM PRINCIPAL<\/u><\/p>\n<p>Estabelecer prioridades na forma\u00e7\u00e3o, interligar e descentralizar as iniciativas formativas<\/p>\n<p>COMO EST\u00c1 ORGANIZADO<\/p>\n<p><u>ORG\u00c3OS DE GEST\u00c3O<\/u><\/p>\n<p>Dire\u00e7\u00e3o, Conselho Cient\u00edfico-Pedag\u00f3gico;<\/p>\n<p>Conselho Geral e Conselho Fiscal<\/p>\n<p><u>COMO FUNCIONAR\u00c1?<\/u><\/p>\n<p>Centro de Forma\u00e7\u00e3o Permanente dos docentes de EMRC;<\/p>\n<p>Escola de Forma\u00e7\u00e3o das Vigararias Episcopais;<\/p>\n<p>Escolas de Forma\u00e7\u00e3o Crist\u00e3 das Ouvidorias<\/p>\n<p><u>CURSOS, M\u00d3DULO E PERCURSOS FORMATIVOS<\/u><\/p>\n<p>Curso B\u00e1sico de Teologia<\/p>\n<p>Cursos nas \u00e1reas da Pastoral da Palavra, da Liturgia e S\u00f3cio-Caritativa<\/p>\n<p>Palestras, Mesas redondas, Jornadas<\/p>\n<p><u>A QUEM SE DESTINA?<\/u><\/p>\n<p>A todo o povo de Deus;<\/p>\n<p>Aos Agentes da Pastoral Geral e Especializada;<\/p>\n<p>Aos Membros dos Movimentos e Obras de Apostolado;<\/p>\n<p>Aos Membros dos Servi\u00e7os Laicais;<\/p>\n<p>Aos Candidatos aos Minist\u00e9rios Institu\u00eddos<\/p>\n<p>Aos Candidatos ao Diaconado Permanente.<\/p>\n","protected":false},"excerpt":{"rendered":"<p>O QUE \u00c9? O Instituto Cat\u00f3lico de Cultura \u00e9 uma institui\u00e7\u00e3o eclesial ao servi\u00e7o da nossa Diocese com uma miss\u00e3o [&hellip;]<\/p>\n","protected":false},"author":1,"featured_media":0,"parent":0,"menu_order":0,"comment_status":"closed","ping_status":"closed","template":"","meta":{"site-sidebar-layout":"default","site-content-layout":"","ast-site-content-layout":"default","site-content-style":"default","site-sidebar-style":"default","ast-global-header-display":"","ast-banner-title-visibility":"","ast-main-header-display":"","ast-hfb-above-header-display":"","ast-hfb-below-header-display":"","ast-hfb-mobile-header-display":"","site-post-title":"","ast-breadcrumbs-content":"","ast-featured-img":"","footer-sml-layout":"","ast-disable-related-posts":"","theme-transparent-header-meta":"","adv-header-id-meta":"","stick-header-meta":"","header-above-stick-meta":"","header-main-stick-meta":"","header-below-stick-meta":"","astra-migrate-meta-layouts":"default","ast-page-background-enabled":"default","ast-page-background-meta":{"desktop":{"background-color":"var(--ast-global-color-5)","background-image":"","background-repeat":"repeat","background-position":"center center","background-size":"auto","background-attachment":"scroll","background-type":"","background-media":"","overlay-type":"","overlay-color":"","overlay-opacity":"","overlay-gradient":""},"tablet":{"background-color":"","background-image":"","background-repeat":"repeat","background-position":"center center","background-size":"auto","background-attachment":"scroll","background-type":"","background-media":"","overlay-type":"","overlay-color":"","overlay-opacity":"","overlay-gradient":""},"mobile":{"background-color":"","background-image":"","background-repeat":"repeat","background-position":"center center","background-size":"auto","background-attachment":"scroll","background-type":"","background-media":"","overlay-type":"","overlay-color":"","overlay-opacity":"","overlay-gradient":""}},"ast-content-background-meta":{"desktop":{"background-color":"var(--ast-global-color-4)","background-image":"","background-repeat":"repeat","background-position":"center center","background-size":"auto","background-attachment":"scroll","background-type":"","background-media":"","overlay-type":"","overlay-color":"","overlay-opacity":"","overlay-gradient":""},"tablet":{"background-color":"var(--ast-global-color-4)","background-image":"","background-repeat":"repeat","background-position":"center center","background-size":"auto","background-attachment":"scroll","background-type":"","background-media":"","overlay-type":"","overlay-color":"","overlay-opacity":"","overlay-gradient":""},"mobile":{"background-color":"var(--ast-global-color-4)","background-image":"","background-repeat":"repeat","background-position":"center center","background-size":"auto","background-attachment":"scroll","background-type":"","background-media":"","overlay-type":"","overlay-color":"","overlay-opacity":"","overlay-gradient":""}},"footnotes":""},"class_list":["post-96","page","type-page","status-publish","hentry"],"_links":{"self":[{"href":"http:\/\/icc.diocesedeangra.pt\/index.php\/wp-json\/wp\/v2\/pages\/96","targetHints":{"allow":["GET"]}}],"collection":[{"href":"http:\/\/icc.diocesedeangra.pt\/index.php\/wp-json\/wp\/v2\/pages"}],"about":[{"href":"http:\/\/icc.diocesedeangra.pt\/index.php\/wp-json\/wp\/v2\/types\/page"}],"author":[{"embeddable":true,"href":"http:\/\/icc.diocesedeangra.pt\/index.php\/wp-json\/wp\/v2\/users\/1"}],"replies":[{"embeddable":true,"href":"http:\/\/icc.diocesedeangra.pt\/index.php\/wp-json\/wp\/v2\/comments?post=96"}],"version-history":[{"count":1,"href":"http:\/\/icc.diocesedeangra.pt\/index.php\/wp-json\/wp\/v2\/pages\/96\/revisions"}],"predecessor-version":[{"id":97,"href":"http:\/\/icc.diocesedeangra.pt\/index.php\/wp-json\/wp\/v2\/pages\/96\/revisions\/97"}],"wp:attachment":[{"href":"http:\/\/icc.diocesedeangra.pt\/index.php\/wp-json\/wp\/v2\/media?parent=96"}],"curies":[{"name":"wp","href":"https:\/\/api.w.org\/{rel}","templated":true}]}}

<p>O QUE É?</p>
<p>O Instituto Católico de Cultura é uma instituição eclesial ao serviço da nossa Diocese com uma missão específica na área da cultura e da formação, visando uma presença cristã transformadora do mundo.</p>
<p><u>OBJETIVOS</u></p>
<p>Fomentar a formação cristã do Laicado;</p>
<p>Possibilitar que a formação teológica e pastoral esteja ao alcance de todos;</p>
<p>Contribuir para a leitura crítica e interventiva da atualidade à luz da doutrina social da Igreja;</p>
<p>Fomentar pela criatividade do diálogo inter-religioso e ecuménico na nossa Região – Açores</p>
<p><u>FIM PRINCIPAL</u></p>
<p>Estabelecer prioridades na formação, interligar e descentralizar as iniciativas formativas</p>
<p>COMO ESTÁ ORGANIZADO</p>
<p><u>ORGÃOS DE GESTÃO</u></p>
<p>Direção, Conselho Científico-Pedagógico;</p>
<p>Conselho Geral e Conselho Fiscal</p>
<p><u>COMO FUNCIONARÁ?</u></p>
<p>Centro de Formação Permanente dos docentes de EMRC;</p>
<p>Escola de Formação das Vigararias Episcopais;</p>
<p>Escolas de Formação Cristã das Ouvidorias</p>
<p><u>CURSOS, MÓDULO E PERCURSOS FORMATIVOS</u></p>
<p>Curso Básico de Teologia</p>
<p>Cursos nas áreas da Pastoral da Palavra, da Liturgia e Sócio-Caritativa</p>
<p>Palestras, Mesas redondas, Jornadas</p>
<p><u>A QUEM SE DESTINA?</u></p>
<p>A todo o povo de Deus;</p>
<p>Aos Agentes da Pastoral Geral e Especializada;</p>
<p>Aos Membros dos Movimentos e Obras de Apostolado;</p>
<p>Aos Membros dos Serviços Laicais;</p>
<p>Aos Candidatos aos Ministérios Instituídos</p>
<p>Aos Candidatos ao Diaconado Permanente.</p>

<p>O QUE É? O Instituto Católico de Cultura é uma instituição eclesial ao serviço da nossa Diocese com uma missão [&hellip;]</p>
